{"id":3432,"date":"2023-09-11T19:39:59","date_gmt":"2023-09-11T16:39:59","guid":{"rendered":"http:\/\/www.radmon.net\/?page_id=3432"},"modified":"2023-09-14T18:26:53","modified_gmt":"2023-09-14T15:26:53","slug":"bakim-onarim","status":"publish","type":"page","link":"https:\/\/www.radmon.net\/?page_id=3432","title":{"rendered":"Bak\u0131m, Onar\u0131m &#038; Servis"},"content":{"rendered":"\t\t<div data-elementor-type=\"wp-page\" data-elementor-id=\"3432\" class=\"elementor elementor-3432\">\n\t\t\t\t\t\t<section class=\"elementor-section elementor-top-section elementor-element elementor-element-16b6e1a elementor-section-boxed elementor-section-height-default elementor-section-height-default\" data-id=\"16b6e1a\" data-element_type=\"section\">\r\n\t\t\r\n\t\t\t\t\t\t\t<div class=\"elementor-container elementor-column-gap-default\">\r\n\t\t\t\t\t\t\t\t<div class=\"elementor-row\">\r\n\t\t\t\t\t\t\t<div class=\"porto-ibanner elementor-column elementor-col-33 elementor-top-column elementor-element elementor-element-e5aad9f\" data-id=\"e5aad9f\" data-element_type=\"column\">\r\n\t\t<img fetchpriority=\"high\" decoding=\"async\" src=\"https:\/\/www.radmon.net\/wp-content\/uploads\/2023\/09\/onarim.png\" alt=\"\" width=\"650\" height=\"650\" class=\"porto-ibanner-img\" srcset=\"https:\/\/www.radmon.net\/wp-content\/uploads\/2023\/09\/onarim.png 650w, https:\/\/www.radmon.net\/wp-content\/uploads\/2023\/09\/onarim-320x320.png 320w, https:\/\/www.radmon.net\/wp-content\/uploads\/2023\/09\/onarim-480x480.png 480w, https:\/\/www.radmon.net\/wp-content\/uploads\/2023\/09\/onarim-640x640.png 640w, https:\/\/www.radmon.net\/wp-content\/uploads\/2023\/09\/onarim-400x400.png 400w, https:\/\/www.radmon.net\/wp-content\/uploads\/2023\/09\/onarim-560x560.png 560w, https:\/\/www.radmon.net\/wp-content\/uploads\/2023\/09\/onarim-367x367.png 367w, https:\/\/www.radmon.net\/wp-content\/uploads\/2023\/09\/onarim-600x600.png 600w\" sizes=\"(max-width: 650px) 100vw, 650px\"><style>.elementor-element-e5aad9f .porto-ibanner-layer {left: 50%;right: unset;top: 50%;bottom: unset;transform: translate(-50%, -50%);}<\/style>\t\t\t<div class=\"elementor-column-wrap elementor-element-populated\">\r\n\t\t\t\t\t\t\t<div class=\"porto-ibanner-layer elementor-widget-wrap\">\r\n\t\t\t\t\t\t<div class=\"elementor-element elementor-element-2b48641 elementor-widget__width-initial elementor-invisible elementor-widget elementor-widget-porto_ultimate_heading\" data-id=\"2b48641\" data-element_type=\"widget\" data-settings=\"{&quot;_animation&quot;:&quot;fadeIn&quot;}\" data-widget_type=\"porto_ultimate_heading.default\">\n\t\t\t\t<div class=\"elementor-widget-container\">\n\t\t\t<div class=\"porto-u-heading  porto-u-6665\"><div class=\"porto-u-sub-heading\" style=\"\"><p><strong><span style=\"color: #00ccff; font-size: 20px;\">Bak\u0131m<\/span><\/strong><\/p><\/div><style>.porto-u-6665.porto-u-heading{text-align:center}<\/style><\/div>\t\t<\/div>\n\t\t\t\t<\/div>\n\t\t\t\t\t\t<\/div>\r\n\t\t\t\t\t<\/div>\r\n\t\t\t\t<\/div>\r\n\t\t\t\t<div class=\"porto-ibanner elementor-column elementor-col-33 elementor-top-column elementor-element elementor-element-0c8fee8\" data-id=\"0c8fee8\" data-element_type=\"column\">\r\n\t\t<img decoding=\"async\" src=\"https:\/\/www.radmon.net\/wp-content\/uploads\/2023\/09\/servis.png\" alt=\"\" width=\"650\" height=\"650\" class=\"porto-ibanner-img\" srcset=\"https:\/\/www.radmon.net\/wp-content\/uploads\/2023\/09\/servis.png 650w, https:\/\/www.radmon.net\/wp-content\/uploads\/2023\/09\/servis-320x320.png 320w, https:\/\/www.radmon.net\/wp-content\/uploads\/2023\/09\/servis-480x480.png 480w, https:\/\/www.radmon.net\/wp-content\/uploads\/2023\/09\/servis-640x640.png 640w, https:\/\/www.radmon.net\/wp-content\/uploads\/2023\/09\/servis-400x400.png 400w, https:\/\/www.radmon.net\/wp-content\/uploads\/2023\/09\/servis-560x560.png 560w, https:\/\/www.radmon.net\/wp-content\/uploads\/2023\/09\/servis-367x367.png 367w, https:\/\/www.radmon.net\/wp-content\/uploads\/2023\/09\/servis-600x600.png 600w\" sizes=\"(max-width: 650px) 100vw, 650px\"><style>.elementor-element-0c8fee8 .porto-ibanner-layer {left: 50%;right: unset;top: 50%;bottom: unset;transform: translate(-50%, -50%);}<\/style>\t\t\t<div class=\"elementor-column-wrap elementor-element-populated\">\r\n\t\t\t\t\t\t\t<div class=\"porto-ibanner-layer elementor-widget-wrap\">\r\n\t\t\t\t\t\t<div class=\"elementor-element elementor-element-0bee63a elementor-invisible elementor-widget elementor-widget-porto_ultimate_heading\" data-id=\"0bee63a\" data-element_type=\"widget\" data-settings=\"{&quot;_animation&quot;:&quot;fadeIn&quot;}\" data-widget_type=\"porto_ultimate_heading.default\">\n\t\t\t\t<div class=\"elementor-widget-container\">\n\t\t\t<div class=\"porto-u-heading  porto-u-4942\"><div class=\"porto-u-sub-heading\" style=\"\"><p><strong><span style=\"color: #00ccff; font-size: 20px;\">Onar\u0131m<\/span><\/strong><\/p><\/div><style>.porto-u-4942.porto-u-heading{text-align:center}<\/style><\/div>\t\t<\/div>\n\t\t\t\t<\/div>\n\t\t\t\t\t\t<\/div>\r\n\t\t\t\t\t<\/div>\r\n\t\t\t\t<\/div>\r\n\t\t\t\t<div class=\"porto-ibanner elementor-column elementor-col-33 elementor-top-column elementor-element elementor-element-bf409b1\" data-id=\"bf409b1\" data-element_type=\"column\">\r\n\t\t<img decoding=\"async\" src=\"https:\/\/www.radmon.net\/wp-content\/uploads\/2023\/09\/bakim.png\" alt=\"\" width=\"650\" height=\"650\" class=\"porto-ibanner-img\" srcset=\"https:\/\/www.radmon.net\/wp-content\/uploads\/2023\/09\/bakim.png 650w, https:\/\/www.radmon.net\/wp-content\/uploads\/2023\/09\/bakim-320x320.png 320w, https:\/\/www.radmon.net\/wp-content\/uploads\/2023\/09\/bakim-480x480.png 480w, https:\/\/www.radmon.net\/wp-content\/uploads\/2023\/09\/bakim-640x640.png 640w, https:\/\/www.radmon.net\/wp-content\/uploads\/2023\/09\/bakim-400x400.png 400w, https:\/\/www.radmon.net\/wp-content\/uploads\/2023\/09\/bakim-560x560.png 560w, https:\/\/www.radmon.net\/wp-content\/uploads\/2023\/09\/bakim-367x367.png 367w, https:\/\/www.radmon.net\/wp-content\/uploads\/2023\/09\/bakim-600x600.png 600w\" sizes=\"(max-width: 650px) 100vw, 650px\"><style>.elementor-element-bf409b1 .porto-ibanner-layer {left: 50%;right: unset;top: 50%;bottom: unset;transform: translate(-50%, -50%);}<\/style>\t\t\t<div class=\"elementor-column-wrap elementor-element-populated\">\r\n\t\t\t\t\t\t\t<div class=\"porto-ibanner-layer elementor-widget-wrap\">\r\n\t\t\t\t\t\t<div class=\"elementor-element elementor-element-9a8d8fd elementor-invisible elementor-widget elementor-widget-porto_ultimate_heading\" data-id=\"9a8d8fd\" data-element_type=\"widget\" data-settings=\"{&quot;_animation&quot;:&quot;fadeIn&quot;}\" data-widget_type=\"porto_ultimate_heading.default\">\n\t\t\t\t<div class=\"elementor-widget-container\">\n\t\t\t<div class=\"porto-u-heading  porto-u-1670\"><div class=\"porto-u-sub-heading\" style=\"\"><p><strong><span style=\"color: #00ccff; font-size: 20px;\">Servis<\/span><\/strong><\/p><\/div><style>.porto-u-1670.porto-u-heading{text-align:center}<\/style><\/div>\t\t<\/div>\n\t\t\t\t<\/div>\n\t\t\t\t\t\t<\/div>\r\n\t\t\t\t\t<\/div>\r\n\t\t\t\t<\/div>\r\n\t\t\t\t\t<\/div>\r\n\t\t\t\t\t<\/div>\r\n\t\t\t\t<\/section>\r\n\t\t\t\t<section class=\"elementor-section elementor-top-section elementor-element elementor-element-bc149e4 elementor-section-boxed elementor-section-height-default elementor-section-height-default\" data-id=\"bc149e4\" data-element_type=\"section\">\r\n\t\t\r\n\t\t\t\t\t\t\t<div class=\"elementor-container elementor-column-gap-default\">\r\n\t\t\t\t\t\t\t\t<div class=\"elementor-row\">\r\n\t\t\t\t\t\t\t<div class=\"elementor-column elementor-col-100 elementor-top-column elementor-element elementor-element-17eb8a7\" data-id=\"17eb8a7\" data-element_type=\"column\">\r\n\t\t\t\t\t<div class=\"elementor-column-wrap elementor-element-populated\">\r\n\t\t\t\t\t\t\t<div class=\"elementor-widget-wrap\">\r\n\t\t\t\t\t\t<div class=\"elementor-element elementor-element-04589f9 elementor-widget elementor-widget-porto_ultimate_heading\" data-id=\"04589f9\" data-element_type=\"widget\" data-widget_type=\"porto_ultimate_heading.default\">\n\t\t\t\t<div class=\"elementor-widget-container\">\n\t\t\t<div class=\"porto-u-heading  porto-u-4627\"><div class=\"porto-u-sub-heading\" style=\"\"><h2 style=\"text-align: left;\">Bak\u0131m, Onar\u0131m &amp; Servis<\/h2><p style=\"text-align: left;\">Radmon olarak, m\u00fc\u015fterilerimize radyasyon \u00f6l\u00e7\u00fcm cihazlar\u0131n\u0131n \u00f6mr\u00fcn\u00fc uzatmalar\u0131 ve kesintisiz \u00e7al\u0131\u015fmalar\u0131n\u0131 sa\u011flamalar\u0131 i\u00e7in kapsaml\u0131 bak\u0131m, onar\u0131m ve servis hizmetleri sunuyoruz.<\/p><h4 style=\"text-align: left;\"><strong>Cihaz Bak\u0131m\u0131<\/strong><\/h4><p style=\"text-align: left;\">Radyasyon \u00f6l\u00e7\u00fcm cihazlar\u0131n\u0131n d\u00fczenli bak\u0131m\u0131, do\u011fru ve g\u00fcvenilir sonu\u00e7lar alman\u0131n anahtar\u0131d\u0131r. Bak\u0131m hizmetimiz, cihaz\u0131n\u0131z\u0131n hassas bile\u015fenlerini kontrol etmek, temizlemek ve gerekirse de\u011fi\u015ftirmek i\u00e7in profesyonel teknisyenlerimiz taraf\u0131ndan ger\u00e7ekle\u015ftirilir. Bu, cihaz\u0131n\u0131z\u0131n uzun \u00f6m\u00fcrl\u00fc olmas\u0131n\u0131 ve en \u00fcst d\u00fczeyde performans g\u00f6stermesini sa\u011flar.<\/p><h4 style=\"text-align: left;\"><strong>Onar\u0131m Hizmetleri<\/strong><\/h4><p style=\"text-align: left;\">Cihaz\u0131n\u0131z ar\u0131zaland\u0131\u011f\u0131nda, h\u0131zl\u0131 ve etkili bir onar\u0131m hizmeti gereklidir. Uzman teknik ekibimiz, her t\u00fcrl\u00fc onar\u0131ma h\u0131zl\u0131 bir \u015fekilde yan\u0131t verir. Cihaz\u0131n\u0131z\u0131n sorunlar\u0131n\u0131 te\u015fhis eder ve gereken onar\u0131mlar\u0131 yapar\u0131z. Size cihaz\u0131n\u0131z\u0131n en k\u0131sa s\u00fcrede \u00e7al\u0131\u015f\u0131r durumda olmas\u0131n\u0131 garanti ederiz.<\/p><h4 style=\"text-align: left;\"><strong>Servis Anla\u015fmalar\u0131<\/strong><\/h4><p style=\"text-align: left;\">Servis anla\u015fmalar\u0131m\u0131z, cihazlar\u0131n\u0131z\u0131n d\u00fczenli olarak bak\u0131lmas\u0131n\u0131, onar\u0131lmas\u0131n\u0131 ve kalibrasyonunu sa\u011flar. Bu, i\u015f s\u00fcreklili\u011finizi koruman\u0131za ve cihazlar\u0131n\u0131z\u0131n g\u00fcvenilirli\u011fini s\u00fcrd\u00fcrmenize yard\u0131mc\u0131 olur. M\u00fc\u015fterilerimize \u00f6zel servis anla\u015fmalar\u0131 sunuyoruz, b\u00f6ylece ihtiya\u00e7lar\u0131n\u0131za tam olarak uygun bir hizmet alabilirsiniz.<\/p><h4 style=\"text-align: left;\"><strong>Yedek Par\u00e7a Temini<\/strong><\/h4><p style=\"text-align: left;\">Yedek par\u00e7a temini konusunda da size destek oluyoruz. Orijinal yedek par\u00e7alar\u0131m\u0131z, cihazlar\u0131n\u0131z\u0131n en iyi performans\u0131n\u0131 sergilemesini sa\u011flar.<\/p><p style=\"text-align: left;\">Radmon Radyasyon \u00d6l\u00e7\u00fcm Sistemleri olarak, m\u00fc\u015fteri memnuniyetini her \u015feyin \u00f6n\u00fcnde tutuyoruz. Cihazlar\u0131n\u0131z\u0131n sorunsuz bir \u015fekilde \u00e7al\u0131\u015fmas\u0131n\u0131 sa\u011flamak i\u00e7in uzman teknik ekibimiz ve son teknoloji ekipmanlar\u0131m\u0131zla buraday\u0131z. Cihaz bak\u0131m\u0131, onar\u0131m\u0131 ve servisi hizmetlerimiz hakk\u0131nda daha fazla bilgi almak veya ihtiya\u00e7lar\u0131n\u0131za \u00f6zel bir teklif almak i\u00e7in l\u00fctfen bizimle ileti\u015fime ge\u00e7in. Size yard\u0131mc\u0131 olmaktan memnuniyet duyar\u0131z.<\/p><\/div><style>.porto-u-4627.porto-u-heading{text-align:center}<\/style><\/div>\t\t<\/div>\n\t\t\t\t<\/div>\n\t\t\t\t\t\t<\/div>\r\n\t\t\t\t\t<\/div>\r\n\t\t\t\t<\/div>\r\n\t\t\t\t\t<\/div>\r\n\t\t\t\t\t<\/div>\r\n\t\t\t\t<\/section>\r\n\t\t\t\t<\/div>\n\t\t","protected":false},"excerpt":{"rendered":"<p>Bak\u0131m Onar\u0131m Servis Bak\u0131m, Onar\u0131m &amp; Servis Radmon olarak, m\u00fc\u015fterilerimize radyasyon \u00f6l\u00e7\u00fcm cihazlar\u0131n\u0131n \u00f6mr\u00fcn\u00fc uzatmalar\u0131 ve kesintisiz \u00e7al\u0131\u015fmalar\u0131n\u0131 sa\u011flamalar\u0131 i\u00e7in kapsaml\u0131 bak\u0131m, onar\u0131m ve servis hizmetleri sunuyoruz. Cihaz Bak\u0131m\u0131 Radyasyon \u00f6l\u00e7\u00fcm cihazlar\u0131n\u0131n d\u00fczenli bak\u0131m\u0131, do\u011fru ve g\u00fcvenilir sonu\u00e7lar alman\u0131n anahtar\u0131d\u0131r. Bak\u0131m hizmetimiz, cihaz\u0131n\u0131z\u0131n hassas bile\u015fenlerini kontrol etmek, temizlemek ve gerekirse de\u011fi\u015ftirmek i\u00e7in profesyonel teknisyenlerimiz taraf\u0131ndan [&hellip;]<\/p>\n","protected":false},"author":3,"featured_media":0,"parent":3419,"menu_order":0,"comment_status":"closed","ping_status":"closed","template":"","meta":{"_acf_changed":false,"footnotes":""},"acf":[],"_links":{"self":[{"href":"https:\/\/www.radmon.net\/index.php?rest_route=\/wp\/v2\/pages\/3432"}],"collection":[{"href":"https:\/\/www.radmon.net\/index.php?rest_route=\/wp\/v2\/pages"}],"about":[{"href":"https:\/\/www.radmon.net\/index.php?rest_route=\/wp\/v2\/types\/page"}],"author":[{"embeddable":true,"href":"https:\/\/www.radmon.net\/index.php?rest_route=\/wp\/v2\/users\/3"}],"replies":[{"embeddable":true,"href":"https:\/\/www.radmon.net\/index.php?rest_route=%2Fwp%2Fv2%2Fcomments&post=3432"}],"version-history":[{"count":5,"href":"https:\/\/www.radmon.net\/index.php?rest_route=\/wp\/v2\/pages\/3432\/revisions"}],"predecessor-version":[{"id":3656,"href":"https:\/\/www.radmon.net\/index.php?rest_route=\/wp\/v2\/pages\/3432\/revisions\/3656"}],"up":[{"embeddable":true,"href":"https:\/\/www.radmon.net\/index.php?rest_route=\/wp\/v2\/pages\/3419"}],"wp:attachment":[{"href":"https:\/\/www.radmon.net\/index.php?rest_route=%2Fwp%2Fv2%2Fmedia&parent=3432"}],"curies":[{"name":"wp","href":"https:\/\/api.w.org\/{rel}","templated":true}]}}